6262?
14
Calculate the highest common factor of 357 and 282486960.
357
What is the highest common factor of 23210551 and 49?
7
Calculate the greatest common divisor of 6 and 75236679.
3
What is the highest common divisor of 50060745 and 84?
21
What is the highest common divisor of 967106 and 35473?
1867
What is the highest common factor of 44482394 and 121?
11
What is the highest common factor of 1440 and 6138656?
32
What is the highest common divisor of 202367 and 209?
11
What is the greatest common divisor of 136363 and 836?
19
Calculate the highest common divisor of 55369236 and 638.
58
What is the highest common divisor of 5082 and 19833?
33
What is the highest common factor of 9928480 and 4168?
8
Calculate the highest common divisor of 12825 and 2878880.
95
Calculate the highest common divisor of 266 and 60290762.
266
What is the highest common divisor of 41995178 and 664?
166
Calculate the greatest common divisor of 5046775 and 1139.
67
What is the highest common divisor of 6462 and 28706358?
2154
What is the highest common factor of 26928 and 33468?
12
What is the highest common factor of 75507997 and 278?
139
What is the highest common factor of 7372 and 42582515?
1843
What is the greatest common factor of 13 and 8288059?
13
What is the greatest common divisor of 616609 and 1062?
59
Calculate the greatest common factor of 47940 and 985422.
102
What is the highest common divisor of 11275 and 468325?
275
What is the greatest common factor of 258 and 100874689?
43
What is the highest common divisor of 760293 and 5373?
27
What is the highest common divisor of 11040 and 111364620?
1380
Calculate the highest common factor of 195381 and 969.
51
Calculate the highest common divisor of 687293 and 85.
17
What is the greatest common factor of 3085040 and 90160?
3920
What is the highest common factor of 193583310 and 30?
30
What is the greatest common factor of 118252 and 29313712?
3196
Calculate the greatest common factor of 3348 and 20716308.
1116
Calculate the greatest common divisor of 346600 and 1280.
40
Calculate the highest common factor of 67840 and 21240.
40
What is the greatest common factor of 88632520 and 13025?
2605
What is the greatest common divisor of 515205 and 45?
45
Calculate the greatest common divisor of 5466244 and 4008.
668
What is the highest common divisor of 16311592 and 72?
8
Calculate the highest common divisor of 144 and 28318184.
8
Calculate the greatest common divisor of 1188 and 790030098.
594
Calculate the greatest common divisor of 124137 and 4173.
39
Calculate the greatest common divisor of 49355 and 70965.
5
What is the greatest common divisor of 503532 and 953874?
3546
What is the highest common divisor of 2132 and 59032948?
2132
Calculate the highest common divisor of 638 and 3427798.
22
Calculate the highest common factor of 107600 and 6808.
8
Calculate the greatest common factor of 175950 and 2650.
50
Calculate the highest common divisor of 2045 and 23318317.
409
Calculate the greatest common factor of 1058629 and 1495923.
1573
Calculate the greatest common divisor of 6580 and 2306948.
1316
Calculate the greatest common factor of 542 and 33327309.
271
What is the highest common divisor of 153120 and 20680?
440
What is the highest common factor of 2766760 and 34280?
40
Calculate the greatest common divisor of 11844 and 386568.
252
Calculate the greatest common factor of 71 and 118747287.
71
Calculate the greatest common factor of 4437 and 482256.
153
Calculate the greatest common factor of 61 and 1508077136.
61
What is the greatest common factor of 12 and 4227996?
12
Calculate the highest common divisor of 690924 and 2126436.
6708
Calculate the highest common divisor of 238 and 11498697.
7
Calculate the greatest common divisor of 32120 and 51880.
40
Calculate the greatest common factor of 15903 and 533007.
513
Calculate the highest common divisor of 14563483 and 23474.
1067
Calculate the greatest common factor of 12576 and 343944168.
3144
Calculate the highest common factor of 20488 and 77768.
8
Calculate the highest common factor of 315 and 9356085.
45
Calculate the greatest common divisor of 23610 and 110.
10
What is the highest common divisor of 740 and 623180?
20
Calculate the highest common factor of 2880 and 96990624.
288
Calculate the greatest common divisor of 917728 and 678776.
952
Calculate the highest common divisor of 2200 and 57010.
10
What is the greatest common factor of 90 and 141250?
10
What is the greatest common divisor of 358247394 and 2997?
999
What is the greatest common divisor of 10875 and 4974225?
2175
Calculate the greatest common factor of 40452707 and 17.
17
Calculate the highest common factor of 234 and 2046387174.
78
Calculate the highest common factor of 339540 and 110.
10
Calculate the highest common divisor of 24 and 3397240608.
24
What is the greatest common divisor of 49 and 1045213267?
49
What is the greatest common factor of 48441 and 615996?
723
What is the highest common factor of 1901 and 86026?
1
What is the highest common factor of 561365 and 1564555?
215
What is the highest common factor of 41429 and 12053?
17
What is the highest common factor of 5655 and 5201040?
195
What is the greatest common factor of 1491190728 and 178?
178
Calculate the greatest common factor of 275 and 451847.
11
Calculate the highest common factor of 78732 and 1120824.
108
Calculate the greatest common divisor of 1107 and 113250159.
369
Calculate the highest common divisor of 196 and 1122492.
196
What is the greatest common factor of 6824520 and 2985?
15
What is the greatest common factor of 131043 and 3777504?
1083
Calculate the greatest common factor of 20474 and 539400.
58
Calculate the greatest common divisor of 16191 and 1710.
9
Calculate the greatest common divisor of 2638483 and 548.
137
What is the highest common divisor of 1342 and 16096476?
22
Calculate the highest common factor of 40689 and 82566.
297
What is the greatest common factor of 38571 and 17251127?
989
Calculate the greatest common factor of 80 and 9106520.
40
Calculate the highest common factor of 12806 and 207592.
674
Calculate the highest common factor of 3723 and 7290948.
219
What is the greatest common divisor of 225644 and 139517?
19
What is the highest common factor of 755022 and 3219?
111
Calculate the greatest common divisor of 2106 and 49755303.
1053
Calculate the highest common factor of 5708 and 38982786.
2854
Calculate the greatest common divisor of 2268 and 251100.
324
What is the highest common factor of 9 and 1757999?
1
Calculate the highest common divisor of 1973248020 and 8312.
4156
What is the greatest common factor of 64795032 and 216?
216
Calculate the highest common divisor of 3584 and 949942.
14
What is the greatest common divisor of 1051172 and 103625?
829
Calculate the highest common divisor of 99 and 271827.
9
Calculate the highest common divisor of 84009079 and 539.
539
Calculate the highest common factor of 167922 and 850782.
114
What is the highest common divisor of 90216 and 1459387?
179
What is the greatest common divisor of 625272 and 30?
6
What is the highest common factor of 45 and 123147770?
5
Calculate the greatest common divisor of 1021881 and 105.
21
What is the greatest common divisor of 12620668 and 2264?
1132
Calculate the greatest common divisor of 316 and 3759452.
316
What is the highest common factor of 45 and 40104510?
15
What is the greatest common divisor of 8002950 and 40?
10
Calculate the highest common divisor of 3579 and 43206881.
1193
Calculate the greatest common factor of 35218542 and 1674.
186
Calculate the greatest common factor of 14338 and 640788.
134
What is the highest common factor of 15719350 and 19550?
1150
What is the highest common factor of 9120 and 199785?
285
What is the greatest common divisor of 148110 and 12320?
10
Calculate the greatest common divisor of 68921 and 4247887.
1681
What is the greatest common factor of 478 and 318512193?
239
What is the highest common factor of 55713232 and 16?
16
Calculate the highest common divisor of 7539840 and 121.
11
Calculate the highest common divisor of 32417915 and 11510.
5755
Calculate the highest common divisor of 21546 and 270648.
378
Calculate the greatest common divisor of 1316 and 5997922.
14
Calculat